 - u. What is the units digit of f?
1
Let n(h) = -h**3 + h - 9. Suppose -3*l + 3*t - 36 = l, -4 = -t. What is the tens digit of n(l)?
0
Let c = -113 + 223. Let u = -52 + c. What is the units digit of (u/(-2))/(-7 - -6)?
9
Let y be (1 - (-196)/(-16))*-16. Let h be y/(-3 + (-11)/(-4)). What is the tens digit of -1 - -1 - h/15?
4
Let m(o) = -2*o**3 - 5*o**2 - 3*o + 3. Let c be m(-3). Suppose 2*g = 8, 2*g = -2*f + f - c. Let l = 41 + f. What is the tens digit of l?
1
Let j(u) = u - 5. Let r be j(5). Let l be (r - 11) + 16/8. Let x = l + 10. What is the units digit of x?
1
Let b be (-3)/(1 + 16/(-4)). Let a = 2 + b. Suppose a*n - u - 30 = -0*n, 4*n + 3*u - 27 = 0. What is the units digit of n?
9
Suppose 0 = 6*c - 23*c + 2652. What is the hundreds digit of c?
1
Let f(o) = -5*o**3 - o**2 - o. Let l be f(-1). Let n(v) = 7*v**2 - 3*v + 16. What is the hundreds digit of n(l)?
1
Suppose -y = -7*y + 90. Let q = 26 + y. What is the tens digit of q?
4
Let m = -12 - -5. Let g = 12 + m. Suppose -4*h + 128 = 3*y + y, -g*h + y = -184. What is the tens digit of h?
3
Suppose 0 = -2*z + 16 - 6. Suppose -z*w = w - 270. What is the units digit of w?
5
What is the units digit of ((-11152)/(-102))/((-1)/(-3))?
8
Let s = -17 - -32. Let c = s - 10. Let m(u) = u**3 - 3*u**2 - 11*u + 7. What is the units digit of m(c)?
2
Suppose -3*k - 5*d = -0*k + 14, 0 = k + 3*d + 10. Suppose -5*t = -4*p - 568, -k*t = -0*t + 5*p - 247. What is the tens digit of t?
1
Let j(c) = 2 - 19*c + 2*c - 5*c - 3. What is the units digit of j(-1)?
1
Suppose 6640 = 6*h + 2422. What is the tens digit of h?
0
What is the units digit of 3/12 + 49904/64?
0
Suppose -54*y + 21744 = -30*y. What is the hundreds digit of y?
9
Let w be (-6)/(-14) + (-96)/28. Let k be ((-2)/w)/((-10)/(-30)). Suppose -2*u - k*f = -22, 3*u - 3*f - 7 = 44. What is the tens digit of u?
1
Suppose 5*i - 5*n - 25 = 0, 22 - 2 = -5*n. Let s(k) = 4 - 1 - k - i. What is the units digit of s(0)?
2
Let r = 37 - -681. What is the hundreds digit of r?
7
Let v(i) = 111*i**3 - 5*i**2 + 5*i - 1. What is the hundreds digit of v(2)?
8
Suppose -12*d + 7606 + 15866 = 0. What is the tens digit of d?
5
Let y = -386 - -886. Let m = -155 + y. What is the hundreds digit of m?
3
Let p(n) = 85*n + 25. What is the hundreds digit of p(4)?
3
Let f be (-2 + 1105/10)*2. Suppose -5*m + 221 = -0*m - 2*s, -5*m + f = -4*s. What is the tens digit of m?
4
Suppose -7*y - 999 = -3666. What is the units digit of y?
1
Let a = -2 - -2. Suppose a = -u - 4*u + 55. What is the units digit of u?
1
Let h = 16265 + -10731. What is the hundreds digit of h?
5
Let j = -231 + 870. What is the tens digit of j?
3
Let a be (0 + 8)/(4/2 + -1). Suppose -a*j - j = -1089. What is the units digit of j?
1
Suppose -2*g + 3770 = 10*i - 6*i, 4*g = 5*i + 7605. What is the units digit of g?
5
Suppose 4*d + 340 = 3*r, -4*r + d + d = -450. Let p = 145 + -140. Suppose -4*x - r = -p*m, 44 + 72 = 5*m - 2*x. What is the tens digit of m?
2
Suppose o - 3*d - 1119 = 0, 9*d - 14*d = 5*o - 5615. What is the hundreds digit of o?
1
What is the hundreds digit of 4/(-18) + (-33787)/(-207)?
1
Let f be 10/(-15) - (-17)/3. What is the hundreds digit of f + 1 + (-496)/(-4)?
1
Let l(s) = 8*s**3 + 2*s**2 + 11*s - 8. What is the thousands digit of l(5)?
1
Let v = -32 - -131. Let x = v + -6. What is the tens digit of x?
9
Let k = 1922 - 1543. What is the hundreds digit of k?
3
Suppose -5*s + 4*i + 2140 = -s, 0 = 3*s - 2*i - 1601. What is the tens digit of s?
3
Let c(s) = s + 3. Let f be c(-5). Let v = f + 1. Let l = 19 - v. What is the tens digit of l?
2
Suppose 2*i - k = 4 - 6, 5*k - 24 = -4*i. Suppose 3*x - 44 = i. What is the tens digit of (-2)/x + 1414/30?
4
What is the hundreds digit of (14 + 5)/(2/36)?
3
Let d(l) = 4*l**3 + 16*l**2 + 8*l + 14. Let a(k) = -5*k**3 - 16*k**2 - 7*k - 14. Let i(r) = 5*a(r) + 6*d(r). What is the units digit of i(16)?
2
Suppose -136 - 940 = -p + 4*k, 5398 = 5*p - 2*k. What is the tens digit of p?
8
Let q(o) = -45*o + 11. Let g be q(5). Let x be (-5)/15 - g/3. Suppose 76 = 4*w - 4*d, 0*d - x = -3*w - 4*d. What is the tens digit of w?
2
Suppose 55*d = 58*d - 2706. What is the units digit of d?
2
Let t = 2764 - 1899. What is the tens digit of t?
6
Suppose -l = -4*f + 21, 0 = 4*l - 3*f + 8*f - 21. What is the tens digit of -46 + 47 + (l - -3*5)?
1
Let n = 22 + -30. What is the units digit of (n/24)/(1/(-159))?
3
Suppose 5*c - 4*u = -8*u + 2207, -15 = -5*u. What is the hundreds digit of c?
4
Let i be (2 - -1)*(-20)/(-6). Suppose -4*n = -5*x - 7*n + 125, 68 = 4*x - 4*n. Let a = x - i. What is the units digit of a?
2
Let l(v) = v + 3. Let h be l(0). Suppose w = -h*w + 52. Suppose -12 = -a + w. What is the units digit of a?
5
Let f be 42/2 - 12/4. Let a = 26 - f. Suppose 0 = l - 3*n - 2, 0 = -4*l - 3*n - a + 76. What is the tens digit of l?
1
Suppose -9*x + 3*x = -1860. Let k = -156 + x. What is the units digit of k?
4
Let j(p) = -1 + 96*p**2 - 97*p**2 + 2*p + 3*p. Let a be j(4). What is the tens digit of 66 - -2*a/3?
6
What is the tens digit of ((-48)/(-10))/(-5 - 1604/(-320))?
8
Let m(z) = 7*z**2 + 14*z + 2. What is the tens digit of m(-5)?
0
Suppose -12*y = -1905 - 1767. Suppose 3*g - 306 = g - 3*c, -c = 2*g - y. What is the hundreds digit of g?
1
Let a(v) = -7*v**2 + v - 4. Let u be a(3). Let p = u - -175. What is the units digit of p?
1
Suppose 3*p - q - 15 = 0, 4*p = -p + q + 23. Suppose p*n - c - 573 = 0, 6*c = 11*c + 5. What is the tens digit of n?
4
Let v = -67 - -19. Let g = v + 108. What is the tens digit of g?
6
Let b = -131 + 301. Suppose b = -8*n + 13*n. What is the units digit of n?
4
Suppose 7*u = 2*u. Suppose -3*k + n + 276 = u, k - 40 = n + 50. What is the tens digit of k?
9
Let q(r) = -r**2 + 14*r - 9. Let s be ((-3)/(-6))/(2/52). Let g be q(s). Suppose 167 = g*p + 47. What is the units digit of p?
0
Let x(s) = -s + 1. Let d(z) = 5*z + 4. Let k(j) = d(j) + 4*x(j). Let i(a) = 20*a + 131. Let v be i(-6). What is the units digit of k(v)?
9
Let s be 114/741 + 48/26. Suppose 2*q - 4*w - 82 = 0, 44 = -5*q - 5*w + 309. What is the tens digit of (-1)/(s/(-2)) + q?
5
Let c be (0*1/(-4) + 0)/2. Suppose c = j + 15 - 147. What is the hundreds digit of j?
1
Suppose x + 12 = -3*x. Let m be 7 + (1/(-1) - x). Suppose 17 = 2*u - m. What is the units digit of u?
3
Let x(r) = r**3 - 6*r**2 + 1. Let z be x(6). Let n = 1 - z. Suppose -3*v - c - 3*c + 10 = n, 2*v - c - 14 = 0. What is the units digit of v?
6
Let t = -765 + 2006. What is the units digit of t?
1
Suppose -12*k + 15438 = -3354. What is the units digit of k?
6
Let f(s) = -6 - 16 + 175*s - 180*s - 45. What is the units digit of f(-22)?
3
Let u be (-4)/6 + (-8)/(-12). Let y(s) = s**2 - s + 36. Let o be y(u). Suppose 4*h - 3*m + m = 174, 2*m + o = h. What is the units digit of h?
6
Suppose -4*a = 3*t - 4*t + 412, 4*t = 2*a + 1704. What is the hundreds digit of t?
4
Let v(j) = -j**2 - 7*j + 1. Let g be v(-7). What is the units digit of (-3)/g - -120 - 2?
5
Suppose -5*w - 95 = -2*a, -5*a + 73 + 3 = -3*w. Let r = w + 21. Suppose -r*y + y = -15. What is the units digit of y?
5
Let s be (-13 + -2)/(-3) + -2. Suppose 0 = -s*d + 2*d + 70. What is the tens digit of d?
7
Suppose 11*b - 3844 = 58834. What is the thousands digit of b?
5
Let z(v) = -54*v + 54. What is the tens digit of z(-8)?
8
Let i(q) = -2*q**2 - 17*q - 26. Let g be i(-14). Let t = -89 - g. What is the units digit of t?
1
Let o = -18 - -21. Suppose -o*w - 3 = -4*w. What is the units digit of 1*2/(-1 + w)?
1
Suppose -2*i + 1400 = 2*a, -2*i + 63 + 1332 = a. What is the tens digit of i?
9
Suppose 5*g - 251 - 2954 = 0. What is the hundreds digit of g?
6
Let p be -1 - 6/(3 - 0) - -16. Suppose -5*y + 212 + p = 4*v, 0 = 2*y + 4*v - 78. What is the tens digit of y?
4
Suppose -2*y + 5*v - 7 - 9 = 0, -2*y + 4*v - 14 = 0. Let l(p) = -p - 1. Let i be l(y). Suppose 178 = 5*c + 2*b, 106 = c + i*c + b. What is the units digit of c?
4
Let a(t) = -t**3 + 7*t + 6. Let h be a(-6). Suppose -3*n - 2*k + 234 = k, 2*n - 4*k = h. Suppose 5*j - n = 68. What is the tens digit of j?
3
Suppose 0 = -0*r - 4*r + 16. Suppose -r*s = -0*s - 40. What is the units digit of (s/(-8))/((-3)/60)?
5
Suppose -2*u = -6*u. Suppose 2*t - y - 83 = u, 2*t - 5*y = -0*t + 63. Suppose -m - 5*q = -11, -4*m - 3*q + 2*q + t =